{"id":177,"date":"2025-03-18T11:07:58","date_gmt":"2025-03-18T10:07:58","guid":{"rendered":"https:\/\/chokdeethaispa.fr\/?page_id=177"},"modified":"2025-03-18T11:20:52","modified_gmt":"2025-03-18T10:20:52","slug":"mention-legales","status":"publish","type":"page","link":"https:\/\/chokdeethaispa.fr\/index.php\/mention-legales\/","title":{"rendered":"Mention L\u00e9gales"},"content":{"rendered":"<p>[et_pb_section fb_built=\u00a0\u00bb1&Prime; _builder_version=\u00a0\u00bb4.27.4&Prime; _module_preset=\u00a0\u00bbdefault\u00a0\u00bb global_colors_info=\u00a0\u00bb{}\u00a0\u00bb][et_pb_row _builder_version=\u00a0\u00bb4.27.4&Prime; _module_preset=\u00a0\u00bbdefault\u00a0\u00bb global_colors_info=\u00a0\u00bb{}\u00a0\u00bb][et_pb_column type=\u00a0\u00bb4_4&Prime; _builder_version=\u00a0\u00bb4.27.4&Prime; _module_preset=\u00a0\u00bbdefault\u00a0\u00bb global_colors_info=\u00a0\u00bb{}\u00a0\u00bb][et_pb_text _builder_version=\u00a0\u00bb4.27.4&Prime; _module_preset=\u00a0\u00bbdefault\u00a0\u00bb global_colors_info=\u00a0\u00bb{}\u00a0\u00bb]<\/p>\n<div class=\"et_pb_column et_pb_column_4_4 et_pb_column_1  et_pb_css_mix_blend_mode_passthrough et-last-child\">\n<div class=\"et_pb_module et_pb_text et_pb_text_0  et_pb_text_align_left et_pb_bg_layout_light\">\n<div class=\"et_pb_text_inner\">\n<p><strong>YB Associes SARL<\/strong><\/p>\n<p>En vertu de <a href=\"https:\/\/www.legifrance.gouv.fr\/affichTexte.do?cidTexte=JORFTEXT000000801164#LEGIARTI000042038977\">l\u2019article 6 de la loi n\u00b0 2004-575 du 21 juin 2004<\/a> pour la confiance dans l\u2019\u00e9conomie num\u00e9rique, il est pr\u00e9cis\u00e9 aux utilisateurs du site internet <strong>https:\/\/www.chokdeethaispa.fr<\/strong>\u00a0 et <strong>https:\/\/www.chokdeethaispa.com<\/strong> l\u2019identit\u00e9 des diff\u00e9rents intervenants dans le cadre de sa r\u00e9alisation et de son suivi:<\/p>\n<p><strong>Propri\u00e9taire du site : <\/strong>YB Associes \u2013 Contact : <a href=\"mailto:info@chokdeethaispa.fr\">info@chokdeethaispa.fr<\/a> 33 (0) 9 86 14 92 99 \u2013 Adresse : 117 rue de Charenton 75012 PARIS.<\/p>\n<p><strong>Identification de l\u2019entreprise :<\/strong> YB Associes SARL au capital social de 1000\u20ac \u2013 SIREN : 940 187 131 \u2013 RCS PARIS \u2013 Adresse postale : 117 rue de Charenton 75012 PARIS.<\/p>\n<p><strong>Directeur de la publication : <\/strong>\u2013 Contact : .<\/p>\n<p><strong>H\u00e9bergeur :<\/strong> OVH <span class=\"BxUVEf ILfuVd\" lang=\"fr\"><span class=\"hgKElc\"><b>2, rue Kellermann, 59100 Roubaix<\/b><\/span><\/span><\/p>\n<p><strong>D\u00e9l\u00e9gu\u00e9 \u00e0 la protection des donn\u00e9es : <\/strong>B Settler \u2013 <a href=\"mailto:info@chokdeethaispa.fr\">info@chokdeethaispa.fr<\/a><\/p>\n<p><strong>Autres contributeurs :<\/strong><\/p>\n<p><strong>2 \u2013 Propri\u00e9t\u00e9 intellectuelle et contrefa\u00e7ons.<\/strong><\/p>\n<p><strong>YB Associes SARL<\/strong> est propri\u00e9taire des droits de propri\u00e9t\u00e9 intellectuelle et d\u00e9tient les droits d\u2019usage sur tous les \u00e9l\u00e9ments accessibles sur le site internet, notamment les textes, images, graphismes, logos, vid\u00e9os, architecture, ic\u00f4nes et sons.<\/p>\n<p>Toute reproduction, repr\u00e9sentation, modification, publication, adaptation de tout ou partie des \u00e9l\u00e9ments du site, quel que soit le moyen ou le proc\u00e9d\u00e9 utilis\u00e9, est interdite, sauf autorisation \u00e9crite pr\u00e9alable de <strong>YB Associes SARL<\/strong>.<\/p>\n<p>Toute exploitation non autoris\u00e9e du site ou de l\u2019un quelconque des \u00e9l\u00e9ments qu\u2019il contient sera consid\u00e9r\u00e9e comme constitutive d\u2019une contrefa\u00e7on et poursuivie conform\u00e9ment aux dispositions des articles <a href=\"https:\/\/www.legifrance.gouv.fr\/affichCodeArticle.do?idArticle=LEGIARTI000032655082&amp;cidTexte=LEGITEXT000006069414&amp;dateTexte=20160605\">L.335-2 et suivants du Code de Propri\u00e9t\u00e9 Intellectuelle<\/a>.<\/p>\n<p><strong>3 \u2013 Limitations de responsabilit\u00e9.<\/strong><\/p>\n<p><strong>YB Associes SARL<\/strong>\u00a0ne pourra \u00eatre tenu pour responsable des dommages directs et indirects caus\u00e9s au mat\u00e9riel de l\u2019utilisateur, lors de l\u2019acc\u00e8s au site <strong>https:\/\/www.chokdeethaispa.fr<\/strong>.<\/p>\n<p><strong>YB Associes SARL<\/strong>\u00a0d\u00e9cline toute responsabilit\u00e9 quant \u00e0 l\u2019utilisation qui pourrait \u00eatre faite des informations et contenus pr\u00e9sents sur <strong>https:\/\/www.chokdeethaispa.fr<\/strong>.<\/p>\n<p><strong>YB Associes SARL<\/strong>\u00a0s\u2019engage \u00e0 s\u00e9curiser au mieux le site <strong>https:\/\/www.chokdeethaispa.fr<\/strong>, cependant sa responsabilit\u00e9 ne pourra \u00eatre mise en cause si des donn\u00e9es ind\u00e9sirables sont import\u00e9es et install\u00e9es sur son site \u00e0 son insu.<\/p>\n<p>Des espaces interactifs (espace contact ou commentaires) sont \u00e0 la disposition des utilisateurs.\u00a0<strong>YB Associes SARL<\/strong> se r\u00e9serve le droit de supprimer, sans mise en demeure pr\u00e9alable, tout contenu d\u00e9pos\u00e9 dans cet espace qui contreviendrait \u00e0 la l\u00e9gislation applicable en France, en particulier aux dispositions relatives \u00e0 la protection des donn\u00e9es.<\/p>\n<p>Le cas \u00e9ch\u00e9ant,\u00a0<strong>YB Associes SARL<\/strong> se r\u00e9serve \u00e9galement la possibilit\u00e9 de mettre en cause la responsabilit\u00e9 civile et\/ou p\u00e9nale de l\u2019utilisateur, notamment en cas de message \u00e0 caract\u00e8re raciste, injurieux, diffamant, ou pornographique, quel que soit le support utilis\u00e9 (texte, photographie \u2026).<\/p>\n<p><strong>4 \u2013 CNIL et gestion des donn\u00e9es personnelles.<\/strong><\/p>\n<p>Conform\u00e9ment aux dispositions de <a href=\"https:\/\/www.legifrance.gouv.fr\/affichTexte.do?cidTexte=JORFTEXT000000886460\">la loi 78-17 du 6 janvier 1978 modifi\u00e9e<\/a>, l\u2019utilisateur du site\u00a0<strong>https:\/\/www.chokdeethaispa.fr<\/strong> dispose d\u2019un droit d\u2019acc\u00e8s, de modification et de suppression des informations collect\u00e9es. Pour exercer ce droit, envoyez un message \u00e0 notre D\u00e9l\u00e9gu\u00e9 \u00e0 la Protection des Donn\u00e9es : <strong>B Sittler<\/strong> \u2013 <a href=\"mailto:info@chokdeethaispa.fr\">info@chokdeethaispa.fr<\/a>.<\/p>\n<p>Pour plus d\u2019informations sur la fa\u00e7on dont nous traitons vos donn\u00e9es (type de donn\u00e9es, finalit\u00e9, destinataire\u2026), lisez notre <strong><a href=\"mailto:info@chokdeethaispa.fr\">https\/\/chokdeethaispa.fr<\/a>\/politique-de-confidentialite\/<\/strong>. [Consignes : ajoutez ici le lien hypertexte vers votre politique de confidentialit\u00e9]<\/p>\n<p><strong>5 \u2013 Liens hypertextes et cookies<\/strong><\/p>\n<p>Le site\u00a0<strong>https:\/\/www.chokdeethaispa.fr<\/strong> contient des liens hypertextes vers d\u2019autres sites et d\u00e9gage toute responsabilit\u00e9 \u00e0 propos de ces liens externes ou des liens cr\u00e9\u00e9s par d\u2019autres sites vers <strong>https:\/\/www.chokdeethaispa.fr<\/strong>.<\/p>\n<p>La navigation sur le site\u00a0<strong>https:\/\/www.chokdeethaispa.fr<\/strong> est susceptible de provoquer l\u2019installation de cookie(s) sur l\u2019ordinateur de l\u2019utilisateur.<\/p>\n<p>Un \u00ab\u00a0cookie\u00a0\u00bb est un fichier de petite taille qui enregistre des informations relatives \u00e0 la navigation d\u2019un utilisateur sur un site. Les donn\u00e9es ainsi obtenues permettent d\u2019obtenir des mesures de fr\u00e9quentation, par exemple.<\/p>\n<p>Vous avez la possibilit\u00e9 <strong>d\u2019accepter ou de refuser les cookies<\/strong> en modifiant les param\u00e8tres de votre navigateur. Aucun cookie ne sera d\u00e9pos\u00e9 sans votre consentement.<\/p>\n<p>Les cookies sont enregistr\u00e9s pour une dur\u00e9e maximale de 1 mois.<\/p>\n<p>Pour plus d\u2019informations sur la fa\u00e7on dont nous faisons usage des cookies, lisez notre <strong>https:\/\/www.chokdeethaispa.fr\/politique-de-confidentialite\/<\/strong>. [Consignes : ajoutez ici le lien hypertexte vers votre politique de confidentialit\u00e9 ou vers votre politique de cookies si vous en avez une (c\u2019est le cas si vous utilisez Complianz)]<\/p>\n<p><strong>6 \u2013 Droit applicable et attribution de juridiction.<\/strong><\/p>\n<p>Tout litige en relation avec l\u2019utilisation du site\u00a0<strong>https:\/\/www.chokdeethaispa.fr<\/strong> est soumis au droit fran\u00e7ais. En dehors des cas o\u00f9 la loi ne le permet pas, il est fait attribution exclusive de juridiction aux tribunaux comp\u00e9tents de <strong>Paris<\/strong>.<\/p>\n<\/div>\n<\/div>\n<\/div>\n<p>[\/et_pb_text][\/et_pb_column][\/et_pb_row][et_pb_row _builder_version=\u00a0\u00bb4.27.4&Prime; _module_preset=\u00a0\u00bbdefault\u00a0\u00bb global_colors_info=\u00a0\u00bb{}\u00a0\u00bb][et_pb_column type=\u00a0\u00bb4_4&Prime; _builder_version=\u00a0\u00bb4.27.4&Prime; _module_preset=\u00a0\u00bbdefault\u00a0\u00bb global_colors_info=\u00a0\u00bb{}\u00a0\u00bb][et_pb_image src=\u00a0\u00bbhttps:\/\/chokdeethaispa.fr\/wp-content\/uploads\/2025\/03\/Logo-Horizontal.png\u00a0\u00bb title_text=\u00a0\u00bbLogo-Horizontal\u00a0\u00bb _builder_version=\u00a0\u00bb4.27.4&Prime; _module_preset=\u00a0\u00bbdefault\u00a0\u00bb width=\u00a0\u00bb40%\u00a0\u00bb module_alignment=\u00a0\u00bbcenter\u00a0\u00bb global_colors_info=\u00a0\u00bb{}\u00a0\u00bb][\/et_pb_image][\/et_pb_column][\/et_pb_row][\/et_pb_section]<\/p>\n","protected":false},"excerpt":{"rendered":"<p>YB Associes SARL En vertu de l\u2019article 6 de la loi n\u00b0 2004-575 du 21 juin 2004 pour la confiance dans l\u2019\u00e9conomie num\u00e9rique, il est pr\u00e9cis\u00e9 aux utilisateurs du site internet https:\/\/www.chokdeethaispa.fr\u00a0 et https:\/\/www.chokdeethaispa.com l\u2019identit\u00e9 des diff\u00e9rents intervenants dans le cadre de sa r\u00e9alisation et de son suivi: Propri\u00e9taire du site : YB Associes \u2013 [&hellip;]<\/p>\n","protected":false},"author":1,"featured_media":0,"parent":0,"menu_order":0,"comment_status":"closed","ping_status":"closed","template":"","meta":{"_et_pb_use_builder":"on","_et_pb_old_content":"","_et_gb_content_width":"","footnotes":""},"class_list":["post-177","page","type-page","status-publish","hentry"],"yoast_head":"<!-- This site is optimized with the Yoast SEO plugin v27.4 - https:\/\/yoast.com\/product\/yoast-seo-wordpress\/ -->\n<title>Mention L\u00e9gales - Chokdee Tha\u00ef Spa<\/title>\n<meta name=\"robots\" content=\"index, follow, max-snippet:-1, max-image-preview:large, max-video-preview:-1\" \/>\n<link rel=\"canonical\" href=\"https:\/\/chokdeethaispa.fr\/index.php\/mention-legales\/\" \/>\n<meta property=\"og:locale\" content=\"fr_FR\" \/>\n<meta property=\"og:type\" content=\"article\" \/>\n<meta property=\"og:title\" content=\"Mention L\u00e9gales - Chokdee Tha\u00ef Spa\" \/>\n<meta property=\"og:description\" content=\"YB Associes SARL En vertu de l\u2019article 6 de la loi n\u00b0 2004-575 du 21 juin 2004 pour la confiance dans l\u2019\u00e9conomie num\u00e9rique, il est pr\u00e9cis\u00e9 aux utilisateurs du site internet https:\/\/www.chokdeethaispa.fr\u00a0 et https:\/\/www.chokdeethaispa.com l\u2019identit\u00e9 des diff\u00e9rents intervenants dans le cadre de sa r\u00e9alisation et de son suivi: Propri\u00e9taire du site : YB Associes \u2013 [&hellip;]\" \/>\n<meta property=\"og:url\" content=\"https:\/\/chokdeethaispa.fr\/index.php\/mention-legales\/\" \/>\n<meta property=\"og:site_name\" content=\"Chokdee Tha\u00ef Spa\" \/>\n<meta property=\"article:modified_time\" content=\"2025-03-18T10:20:52+00:00\" \/>\n<meta name=\"twitter:card\" content=\"summary_large_image\" \/>\n<meta name=\"twitter:label1\" content=\"Dur\u00e9e de lecture estim\u00e9e\" \/>\n\t<meta name=\"twitter:data1\" content=\"5 minutes\" \/>\n<script type=\"application\/ld+json\" class=\"yoast-schema-graph\">{\"@context\":\"https:\\\/\\\/schema.org\",\"@graph\":[{\"@type\":\"WebPage\",\"@id\":\"https:\\\/\\\/chokdeethaispa.fr\\\/index.php\\\/mention-legales\\\/\",\"url\":\"https:\\\/\\\/chokdeethaispa.fr\\\/index.php\\\/mention-legales\\\/\",\"name\":\"Mention L\u00e9gales - Chokdee Tha\u00ef Spa\",\"isPartOf\":{\"@id\":\"https:\\\/\\\/chokdeethaispa.fr\\\/#website\"},\"datePublished\":\"2025-03-18T10:07:58+00:00\",\"dateModified\":\"2025-03-18T10:20:52+00:00\",\"breadcrumb\":{\"@id\":\"https:\\\/\\\/chokdeethaispa.fr\\\/index.php\\\/mention-legales\\\/#breadcrumb\"},\"inLanguage\":\"fr-FR\",\"potentialAction\":[{\"@type\":\"ReadAction\",\"target\":[\"https:\\\/\\\/chokdeethaispa.fr\\\/index.php\\\/mention-legales\\\/\"]}]},{\"@type\":\"BreadcrumbList\",\"@id\":\"https:\\\/\\\/chokdeethaispa.fr\\\/index.php\\\/mention-legales\\\/#breadcrumb\",\"itemListElement\":[{\"@type\":\"ListItem\",\"position\":1,\"name\":\"Accueil\",\"item\":\"https:\\\/\\\/chokdeethaispa.fr\\\/\"},{\"@type\":\"ListItem\",\"position\":2,\"name\":\"Mention L\u00e9gales\"}]},{\"@type\":\"WebSite\",\"@id\":\"https:\\\/\\\/chokdeethaispa.fr\\\/#website\",\"url\":\"https:\\\/\\\/chokdeethaispa.fr\\\/\",\"name\":\"Chokdee Tha\u00ef Spa\",\"description\":\"Salon de massage tha\u00ef Paris 11 - Ouvert 7\\\/7 de 11h  20h\",\"publisher\":{\"@id\":\"https:\\\/\\\/chokdeethaispa.fr\\\/#organization\"},\"potentialAction\":[{\"@type\":\"SearchAction\",\"target\":{\"@type\":\"EntryPoint\",\"urlTemplate\":\"https:\\\/\\\/chokdeethaispa.fr\\\/?s={search_term_string}\"},\"query-input\":{\"@type\":\"PropertyValueSpecification\",\"valueRequired\":true,\"valueName\":\"search_term_string\"}}],\"inLanguage\":\"fr-FR\"},{\"@type\":\"Organization\",\"@id\":\"https:\\\/\\\/chokdeethaispa.fr\\\/#organization\",\"name\":\"Chokdee Tha\u00ef Spa\",\"alternateName\":\"Salon de massages Tha\u00eflandais\",\"url\":\"https:\\\/\\\/chokdeethaispa.fr\\\/\",\"logo\":{\"@type\":\"ImageObject\",\"inLanguage\":\"fr-FR\",\"@id\":\"https:\\\/\\\/chokdeethaispa.fr\\\/#\\\/schema\\\/logo\\\/image\\\/\",\"url\":\"https:\\\/\\\/chokdeethaispa.fr\\\/wp-content\\\/uploads\\\/2025\\\/03\\\/Logo-Horizontal-small3.jpg\",\"contentUrl\":\"https:\\\/\\\/chokdeethaispa.fr\\\/wp-content\\\/uploads\\\/2025\\\/03\\\/Logo-Horizontal-small3.jpg\",\"width\":500,\"height\":304,\"caption\":\"Chokdee Tha\u00ef Spa\"},\"image\":{\"@id\":\"https:\\\/\\\/chokdeethaispa.fr\\\/#\\\/schema\\\/logo\\\/image\\\/\"}}]}<\/script>\n<!-- \/ Yoast SEO plugin. -->","yoast_head_json":{"title":"Mention L\u00e9gales - Chokdee Tha\u00ef Spa","robots":{"index":"index","follow":"follow","max-snippet":"max-snippet:-1","max-image-preview":"max-image-preview:large","max-video-preview":"max-video-preview:-1"},"canonical":"https:\/\/chokdeethaispa.fr\/index.php\/mention-legales\/","og_locale":"fr_FR","og_type":"article","og_title":"Mention L\u00e9gales - Chokdee Tha\u00ef Spa","og_description":"YB Associes SARL En vertu de l\u2019article 6 de la loi n\u00b0 2004-575 du 21 juin 2004 pour la confiance dans l\u2019\u00e9conomie num\u00e9rique, il est pr\u00e9cis\u00e9 aux utilisateurs du site internet https:\/\/www.chokdeethaispa.fr\u00a0 et https:\/\/www.chokdeethaispa.com l\u2019identit\u00e9 des diff\u00e9rents intervenants dans le cadre de sa r\u00e9alisation et de son suivi: Propri\u00e9taire du site : YB Associes \u2013 [&hellip;]","og_url":"https:\/\/chokdeethaispa.fr\/index.php\/mention-legales\/","og_site_name":"Chokdee Tha\u00ef Spa","article_modified_time":"2025-03-18T10:20:52+00:00","twitter_card":"summary_large_image","twitter_misc":{"Dur\u00e9e de lecture estim\u00e9e":"5 minutes"},"schema":{"@context":"https:\/\/schema.org","@graph":[{"@type":"WebPage","@id":"https:\/\/chokdeethaispa.fr\/index.php\/mention-legales\/","url":"https:\/\/chokdeethaispa.fr\/index.php\/mention-legales\/","name":"Mention L\u00e9gales - Chokdee Tha\u00ef Spa","isPartOf":{"@id":"https:\/\/chokdeethaispa.fr\/#website"},"datePublished":"2025-03-18T10:07:58+00:00","dateModified":"2025-03-18T10:20:52+00:00","breadcrumb":{"@id":"https:\/\/chokdeethaispa.fr\/index.php\/mention-legales\/#breadcrumb"},"inLanguage":"fr-FR","potentialAction":[{"@type":"ReadAction","target":["https:\/\/chokdeethaispa.fr\/index.php\/mention-legales\/"]}]},{"@type":"BreadcrumbList","@id":"https:\/\/chokdeethaispa.fr\/index.php\/mention-legales\/#breadcrumb","itemListElement":[{"@type":"ListItem","position":1,"name":"Accueil","item":"https:\/\/chokdeethaispa.fr\/"},{"@type":"ListItem","position":2,"name":"Mention L\u00e9gales"}]},{"@type":"WebSite","@id":"https:\/\/chokdeethaispa.fr\/#website","url":"https:\/\/chokdeethaispa.fr\/","name":"Chokdee Tha\u00ef Spa","description":"Salon de massage tha\u00ef Paris 11 - Ouvert 7\/7 de 11h  20h","publisher":{"@id":"https:\/\/chokdeethaispa.fr\/#organization"},"potentialAction":[{"@type":"SearchAction","target":{"@type":"EntryPoint","urlTemplate":"https:\/\/chokdeethaispa.fr\/?s={search_term_string}"},"query-input":{"@type":"PropertyValueSpecification","valueRequired":true,"valueName":"search_term_string"}}],"inLanguage":"fr-FR"},{"@type":"Organization","@id":"https:\/\/chokdeethaispa.fr\/#organization","name":"Chokdee Tha\u00ef Spa","alternateName":"Salon de massages Tha\u00eflandais","url":"https:\/\/chokdeethaispa.fr\/","logo":{"@type":"ImageObject","inLanguage":"fr-FR","@id":"https:\/\/chokdeethaispa.fr\/#\/schema\/logo\/image\/","url":"https:\/\/chokdeethaispa.fr\/wp-content\/uploads\/2025\/03\/Logo-Horizontal-small3.jpg","contentUrl":"https:\/\/chokdeethaispa.fr\/wp-content\/uploads\/2025\/03\/Logo-Horizontal-small3.jpg","width":500,"height":304,"caption":"Chokdee Tha\u00ef Spa"},"image":{"@id":"https:\/\/chokdeethaispa.fr\/#\/schema\/logo\/image\/"}}]}},"_links":{"self":[{"href":"https:\/\/chokdeethaispa.fr\/index.php\/wp-json\/wp\/v2\/pages\/177","targetHints":{"allow":["GET"]}}],"collection":[{"href":"https:\/\/chokdeethaispa.fr\/index.php\/wp-json\/wp\/v2\/pages"}],"about":[{"href":"https:\/\/chokdeethaispa.fr\/index.php\/wp-json\/wp\/v2\/types\/page"}],"author":[{"embeddable":true,"href":"https:\/\/chokdeethaispa.fr\/index.php\/wp-json\/wp\/v2\/users\/1"}],"replies":[{"embeddable":true,"href":"https:\/\/chokdeethaispa.fr\/index.php\/wp-json\/wp\/v2\/comments?post=177"}],"version-history":[{"count":4,"href":"https:\/\/chokdeethaispa.fr\/index.php\/wp-json\/wp\/v2\/pages\/177\/revisions"}],"predecessor-version":[{"id":187,"href":"https:\/\/chokdeethaispa.fr\/index.php\/wp-json\/wp\/v2\/pages\/177\/revisions\/187"}],"wp:attachment":[{"href":"https:\/\/chokdeethaispa.fr\/index.php\/wp-json\/wp\/v2\/media?parent=177"}],"curies":[{"name":"wp","href":"https:\/\/api.w.org\/{rel}","templated":true}]}}